ime factors of 410252.
2, 102563
What are the prime factors of 895853?
7, 127979
What are the prime factors of 701411?
353, 1987
List the prime factors of 32153838.
2, 3, 5358973
List the prime factors of 2950008.
2, 3, 101, 1217
List the prime factors of 7257032.
2, 37, 24517
What are the prime factors of 9773335?
5, 11, 13, 13669
List the prime factors of 5990785.
5, 1198157
List the prime factors of 5285267.
13, 406559
What are the prime factors of 7925331?
3, 2641777
What are the prime factors of 15103358?
2, 7551679
List the prime factors of 25853605.
5, 491, 10531
What are the prime factors of 75456?
2, 3, 131
List the prime factors of 110157.
3, 73, 503
What are the prime factors of 792173?
103, 7691
What are the prime factors of 135169?
29, 59, 79
What are the prime factors of 186563?
13, 113, 127
What are the prime factors of 3890782?
2, 7, 19, 14627
List the prime factors of 12957600.
2, 3, 5, 5399
What are the prime factors of 18634724?
2, 191, 24391
List the prime factors of 75341.
7, 47, 229
What are the prime factors of 858376?
2, 41, 2617
List the prime factors of 9482665.
5, 409, 4637
List the prime factors of 15912859.
139, 239, 479
What are the prime factors of 123873?
3, 157, 263
What are the prime factors of 2893329?
3, 41, 7841
List the prime factors of 7308120.
2, 3, 5, 60901
List the prime factors of 796055.
5, 13, 37, 331
List the prime factors of 21604383.
3, 23, 104369
What are the prime factors of 170312?
2, 61, 349
What are the prime factors of 1584798?
2, 3, 264133
List the prime factors of 3318460.
2, 5, 277, 599
What are the prime factors of 1749580?
2, 5, 7, 12497
List the prime factors of 2032095.
3, 5, 13, 17, 613
List the prime factors of 97587.
3, 7, 1549
What are the prime factors of 739399?
739399
What are the prime factors of 19017908?
2, 7, 13, 4019
List the prime factors of 430145.
5, 86029
What are the prime factors of 608661?
3, 22543
What are the prime factors of 835382?
2, 417691
What are the prime factors of 147629?
147629
List the prime factors of 797786.
2, 11, 36263
What are the prime factors of 28644708?
2, 3, 43, 1291
What are the prime factors of 241893?
3, 17, 31
What are the prime factors of 1507423?
1507423
List the prime factors of 55409.
67, 827
List the prime factors of 8560343.
11, 778213
What are the prime factors of 6324351?
3, 11, 83, 2309
List the prime factors of 2781734.
2, 37, 37591
What are the prime factors of 2489671?
2489671
List the prime factors of 66335.
5, 13267
List the prime factors of 111780.
2, 3, 5, 23
What are the prime factors of 828855?
3, 5, 113, 163
List the prime factors of 2666621.
491, 5431
What are the prime factors of 33842041?
2423, 13967
List the prime factors of 1184226.
2, 3, 197371
What are the prime factors of 1423839?
3, 131, 3623
What are the prime factors of 12242504?
2, 1530313
List the prime factors of 518080.
2, 5, 1619
List the prime factors of 144932.
2, 19, 1907
What are the prime factors of 31003?
7, 43, 103
What are the prime factors of 1712372?
2, 428093
List the prime factors of 127442.
2, 7, 9103
List the prime factors of 7772259.
3, 11, 235523
What are the prime factors of 439613?
439613
What are the prime factors of 45865?
5, 9173
List the prime factors of 3320802.
2, 3, 184489
What are the prime factors of 3525753?
3, 7, 11, 15263
What are the prime factors of 2065650?
2, 3, 5, 47, 293
What are the prime factors of 79230?
2, 3, 5, 19, 139
What are the prime factors of 414975?
3, 5, 11, 503
List the prime factors of 692041.
7, 109, 907
What are the prime factors of 425301?
3, 141767
What are the prime factors of 31846?
2, 15923
List the prime factors of 6796059.
3, 47, 157, 307
What are the prime factors of 1449564?
2, 3, 113, 1069
List the prime factors of 7806351.
3, 7, 251, 1481
List the prime factors of 709659.
3, 29, 2719
What are the prime factors of 1314799?
281, 4679
List the prime factors of 524374.
2, 262187
What are the prime factors of 1671743?
47, 35569
What are the prime factors of 12361650?
2, 3, 5, 7, 61, 193
What are the prime factors of 7431843?
3, 2477281
What are the prime factors of 1617948?
2, 3, 71, 211
List the prime factors of 57400.
2, 5, 7, 41
List the prime factors of 52216.
2, 61, 107
What are the prime factors of 115710?
2, 3, 5, 7, 19, 29
List the prime factors of 469866.
2, 3, 78311
List the prime factors of 486182.
2, 243091
List the prime factors of 377529.
3, 61, 2063
List the prime factors of 30895.
5, 37, 167
What are the prime factors of 10164361?
47, 216263
What are the prime factors of 23284?
2, 5821
List the prime factors of 493519.
13, 37963
List the prime factors of 4940802.
2, 3, 274489
What are the prime factors of 1673963?
23, 73, 997
What are the prime factors of 18218264?
2, 19, 29, 4133
List the prime factors of 7408428.
2, 3, 617369
What are the prime factors of 1356093?
3, 89, 1693
What are the prime factors of 2415610?
2, 5, 241561
List the prime factors of 1292145.
3, 5, 86143
List the prime factors of 1936971.
3, 83, 2593
What are the prime factors of 5242166?
2, 1523, 1721
What are the prime factors of 1563135?
3, 5, 7, 14887
What are the prime factors of 18886?
2, 7, 19, 71
List the prime factors of 151854.
2, 3, 25309
List the prime factors of 3003937.
43, 69859
List the prime factors of 4581566.
2, 11, 208253
List the prime factors of 349647.
3, 116549
What are the prime factors of 2251302?
2, 3, 37, 10141
What are the prime factors of 7639195?
5, 1527839
What are the prime factors of 1457740?
2, 5, 23, 3169
List the prime factors of 144252.
2, 3, 4007
What are the prime factors of 1314769?
1314769
What are the prime factors of 403678?
2, 11, 59, 311
List the prime factors of 3348652.
2, 79, 10597
What are the prime factors of 23415154?
2, 7, 17, 37, 2659
What are the prime factors of 3989559?
3, 7, 29, 6551
What are the prime factors of 4478763?
3, 83, 17987
List the prime factors of 7957394.
2, 17, 283, 827
What are the prime factors of 3295973?
1289, 2557
What are the prime factors of 10073822?
2, 11, 31, 14771
List the prime factors of 820681.
820681
What are the prime factors of 212247?
3, 7, 1123
What are the prime factors of 2156188?
2, 539047
List the prime factors of 697495.
5, 199, 701
What are the prime factors of 393608?
2, 49201
What are the prime factors of 3916017?
3, 7, 61, 1019
What are the prime factors of 1801692?
2, 3, 50047
What are the prime factors of 14015616?
2, 3, 17, 19, 113
What are the prime factors of 613717?
13, 17, 2777
What are the prime factors of 23224856?
2, 17, 389, 439
List the prime factors of 2305314.
2, 3, 11, 3881
What are the prime factors of 14291039?
7, 59, 34603
List the prime factors of 7538250.
2, 3, 5, 19, 23
List the prime factors of 367928.
2, 11, 37, 113
What are the prime factors of 53440?
2, 5, 167
List the prime factors of 412240.
2, 5, 5153
List the prime factors of 205755.
3, 5, 11, 29, 43
List the prime factors of 7817619.
3, 37, 70429
List the prime factors of 246703.
29, 47, 181
What are the prime factors of 849062?
2, 29, 14639
List the prime factors of 957323.
443, 2161
What are the prime factors of 179786?
2, 241, 373
List the prime factors of 5071479.
3, 7, 37, 61, 107
What are the prime factors of 5618360?
2, 5, 11, 113
What are the prime factors of 57697?
57697
List the prime factors of 106411.
106411
List the prime factors of 854865.
3, 5, 11, 157
List the prime factors of 505451.
269, 1879
List the prime factors of 3939931.
3939931
What are the prime factors of 12281780?
2, 5, 7, 37, 2371
List the prime factors of 1683911.
41, 67, 613
What are the prime factors of 1565734?
2, 17, 46051
What are the prime factors of 6050296?
2, 7, 108041
What are the prime factors of 7704295?
5, 1540859
List the prime factors of 135760.
2, 5, 1697
What are the prime factors of 1501883?
113, 13291
What are the prime factors of 377411?
43, 67, 131
What are the prime factors of 15221672?
2, 487, 3907
List the prime factors of 3634772.
2, 569, 1597
What are the prime factors of 8055?
3, 5, 179
What are the prime factors of 5461355?
5, 883, 1237
What are the prime factors of 3978100?
2, 5, 7, 5683
What are the prime factors of 4769182?
2, 11, 216781
What are the prime factors of 613750?
2, 5, 491
What are the prime factors of 42